on divisor of 99 and 62802.
9
What is the greatest common factor of 45 and 17295?
15
Calculate the greatest common factor of 2470 and 5130.
190
Calculate the highest common factor of 479762 and 388.
194
Calculate the highest common factor of 69066 and 4626.
18
What is the greatest common divisor of 1536 and 125056?
128
Calculate the greatest common divisor of 75504 and 33.
33
Calculate the greatest common divisor of 36 and 541104.
12
What is the greatest common divisor of 15975 and 6525?
225
What is the greatest common divisor of 140 and 90?
10
Calculate the greatest common divisor of 19654 and 992.
62
Calculate the highest common factor of 26391 and 627.
57
What is the highest common factor of 3213 and 11475?
459
What is the highest common factor of 556 and 16402?
278
What is the greatest common factor of 117367 and 3409?
487
Calculate the greatest common factor of 190428 and 70.
14
What is the highest common factor of 102 and 238544?
34
Calculate the greatest common factor of 1756 and 1540.
4
Calculate the highest common divisor of 2550 and 52479.
51
Calculate the highest common factor of 384 and 34044.
12
What is the highest common factor of 5 and 1381?
1
Calculate the highest common divisor of 28 and 14860.
4
Calculate the highest common divisor of 781 and 89531.
71
Calculate the greatest common factor of 3596199 and 657.
219
Calculate the greatest common factor of 7110 and 270.
90
What is the greatest common factor of 624 and 659724?
156
What is the highest common factor of 325 and 9230?
65
What is the greatest common divisor of 21142728 and 18?
18
What is the highest common factor of 122456 and 64?
8
What is the greatest common factor of 15384 and 5704?
8
Calculate the highest common factor of 19 and 1013954.
19
Calculate the greatest common factor of 184 and 135304.
8
What is the greatest common divisor of 49 and 238189?
49
What is the greatest common factor of 2310 and 54890?
110
Calculate the highest common factor of 10081 and 22049.
17
What is the greatest common factor of 232118 and 34?
34
What is the highest common divisor of 441741 and 687?
687
What is the highest common divisor of 41120 and 56?
8
What is the highest common divisor of 1355 and 25?
5
What is the greatest common divisor of 153026 and 418?
38
Calculate the highest common divisor of 3549 and 27027.
273
What is the greatest common divisor of 17 and 1080707?
17
What is the greatest common factor of 2809914 and 24?
6
What is the greatest common divisor of 45 and 156270?
15
What is the greatest common divisor of 496 and 8153?
31
Calculate the highest common factor of 109 and 35316.
109
What is the greatest common factor of 46 and 35138?
2
What is the greatest common divisor of 1627635 and 285?
285
What is the greatest common factor of 243 and 350001?
81
What is the highest common factor of 8 and 1695580?
4
Calculate the highest common factor of 16093 and 4788.
133
What is the highest common divisor of 45087 and 7581?
399
Calculate the highest common factor of 21156 and 156.
12
Calculate the greatest common factor of 8228 and 391.
17
What is the highest common divisor of 11568 and 432?
48
What is the greatest common divisor of 757008 and 48?
48
Calculate the greatest common divisor of 1102 and 13166.
58
What is the highest common factor of 267 and 746799?
267
Calculate the highest common divisor of 2546 and 603.
67
Calculate the highest common factor of 19291 and 505.
101
What is the highest common divisor of 28740 and 885?
15
What is the highest common divisor of 1311 and 4416?
69
Calculate the greatest common divisor of 566944 and 32.
32
Calculate the highest common factor of 109646 and 4526.
146
What is the highest common divisor of 796200 and 5400?
600
What is the highest common factor of 48173 and 7909?
719
Calculate the highest common divisor of 14 and 116942.
14
What is the greatest common divisor of 9 and 104943?
3
Calculate the highest common divisor of 137 and 1753.
1
Calculate the greatest common factor of 40 and 18870.
10
What is the highest common divisor of 6239 and 238?
17
What is the greatest common divisor of 371675 and 100?
25
Calculate the greatest common factor of 183 and 2307691.
61
Calculate the highest common factor of 500 and 4430.
10
What is the greatest common factor of 137577 and 3411?
1137
Calculate the greatest common factor of 12921 and 5475.
219
What is the highest common divisor of 321 and 2516961?
321
Calculate the highest common factor of 5 and 132065.
5
Calculate the greatest common factor of 9215 and 60625.
485
What is the greatest common factor of 1782 and 267?
3
Calculate the greatest common factor of 1275 and 30685.
85
What is the greatest common factor of 1610 and 53858?
14
Calculate the highest common divisor of 10 and 1860665.
5
What is the highest common divisor of 215919 and 891?
297
Calculate the greatest common factor of 1355400 and 144.
72
Calculate the greatest common divisor of 244 and 45506.
122
Calculate the highest common divisor of 512 and 41744.
16
What is the highest common factor of 2760 and 13920?
120
Calculate the highest common factor of 633636 and 72.
36
Calculate the greatest common factor of 103240 and 3016.
232
What is the highest common factor of 336851 and 19?
19
Calculate the highest common divisor of 76398 and 476.
238
Calculate the greatest common divisor of 75322 and 26.
26
What is the highest common divisor of 89 and 1629501?
89
What is the highest common divisor of 9 and 128586?
3
Calculate the highest common factor of 2528 and 1237772.
316
What is the greatest common divisor of 972 and 338526?
54
What is the highest common factor of 53345 and 12784?
47
Calculate the highest common divisor of 1099377 and 8136.
1017
What is the highest common factor of 5296 and 196614?
662
What is the highest common divisor of 14534 and 30082?
338
What is the greatest common factor of 13000 and 11860?
20
Calculate the highest common divisor of 180693 and 153.
153
Calculate the highest common divisor of 1424297 and 133.
133
What is the highest common factor of 21164 and 41756?
572
What is the highest common divisor of 1001 and 21?
7
What is the greatest common factor of 12691 and 74?
37
What is the highest common factor of 23220 and 24732?
108
Calculate the highest common divisor of 12859 and 231.
77
What is the greatest common factor of 15 and 26420?
5
What is the greatest common divisor of 2303 and 12643?
47
What is the greatest common factor of 1569276 and 162?
18
What is the greatest common factor of 286 and 7568?
22
What is the highest common divisor of 6974114 and 238?
238
Calculate the greatest common divisor of 1590 and 6254.
106
What is the greatest common factor of 3572 and 5969?
47
What is the highest common divisor of 1236 and 11268?
12
What is the highest common divisor of 105 and 41685?
105
What is the highest common factor of 11698 and 10?
2
What is the greatest common factor of 1442 and 17922?
206
Calculate the highest common divisor of 2706 and 1782.
66
Calculate the greatest common factor of 532 and 508.
4
What is the highest common factor of 96 and 7328?
32
What is the greatest common factor of 215 and 1034795?
215
What is the highest common divisor of 1396268 and 412?
412
Calculate the greatest common factor of 2527291 and 2379.
793
What is the greatest common divisor of 24225 and 38?
19
What is the highest common factor of 4920 and 110085?
615
What is the highest common divisor of 13392 and 806?
62
Calculate the greatest common divisor of 345 and 22494.
69
Calculate the greatest common divisor of 175812 and 138.
138
Calculate the highest common factor of 27180 and 48.
12
What is the highest common divisor of 123 and 447351?
123
Calculate the greatest common factor of 438 and 80884.
146
Calculate the highest common divisor of 4746 and 483.
21
What is the highest common divisor of 8687 and 20111?
119
Calculate the highest common factor of 171336 and 12.
12
What is the highest common divisor of 2668 and 19757?
23
What is the highest common divisor of 210098 and 11168?
698
Calculate the highest common factor of 51989 and 147.
49
What is the highest common factor of 26629 and 527?
31
Calculate the highest common divisor of 4528183 and 242.
121
Calculate the highest common factor of 78 and 59553.
39
Ca